emainder when 108558705 is divided by 61.
55
What is the remainder when 4321551 is divided by 569?
565
Calculate the remainder when 11475 is divided by 608.
531
Calculate the remainder when 127087 is divided by 25400.
87
Calculate the remainder when 154102 is divided by 154002.
100
Calculate the remainder when 20615 is divided by 3362.
443
What is the remainder when 7666439 is divided by 16?
7
What is the remainder when 8046644 is divided by 335276?
20
Calculate the remainder when 949974 is divided by 541.
519
What is the remainder when 31537697 is divided by 565?
527
Calculate the remainder when 90850183 is divided by 3508.
3507
Calculate the remainder when 93133 is divided by 46562.
9
What is the remainder when 45549003 is divided by 5061?
3
Calculate the remainder when 22248467 is divided by 120.
107
What is the remainder when 72363 is divided by 2338?
2223
Calculate the remainder when 57006416 is divided by 6478.
16
What is the remainder when 52200472 is divided by 17400155?
7
Calculate the remainder when 11084727 is divided by 20.
7
Calculate the remainder when 12516034 is divided by 22.
14
Calculate the remainder when 1273998842 is divided by 117.
116
Calculate the remainder when 2831000 is divided by 1773.
1292
What is the remainder when 1523463 is divided by 503?
379
Calculate the remainder when 243466 is divided by 121711.
44
What is the remainder when 3642723 is divided by 1057?
301
What is the remainder when 63594 is divided by 63579?
15
What is the remainder when 586006887 is divided by 4578?
4575
What is the remainder when 2425971 is divided by 257?
148
Calculate the remainder when 1585046 is divided by 664.
78
Calculate the remainder when 2425621 is divided by 6718.
423
Calculate the remainder when 1938006 is divided by 646000.
6
What is the remainder when 2300879 is divided by 766937?
68
Calculate the remainder when 9237510 is divided by 739.
10
What is the remainder when 3114664 is divided by 851?
4
Calculate the remainder when 1557469 is divided by 715.
199
Calculate the remainder when 621172 is divided by 572.
552
What is the remainder when 1768007 is divided by 589328?
23
What is the remainder when 149877230 is divided by 44?
30
Calculate the remainder when 87133 is divided by 4585.
18
What is the remainder when 319328 is divided by 490?
338
Calculate the remainder when 597581 is divided by 66395.
26
What is the remainder when 234966 is divided by 2346?
366
Calculate the remainder when 180602 is divided by 206.
146
Calculate the remainder when 559949053 is divided by 269.
267
What is the remainder when 215527 is divided by 52162?
6879
What is the remainder when 66769036 is divided by 433?
3
What is the remainder when 62569830 is divided by 15?
0
What is the remainder when 21047193 is divided by 366?
363
Calculate the remainder when 39254 is divided by 9073.
2962
What is the remainder when 254714 is divided by 12724?
234
What is the remainder when 1468433 is divided by 112836?
1565
Calculate the remainder when 20863959 is divided by 18.
15
Calculate the remainder when 437770 is divided by 109441.
6
What is the remainder when 2559184 is divided by 43?
39
Calculate the remainder when 164117 is divided by 40139.
3561
Calculate the remainder when 1140846 is divided by 76.
10
What is the remainder when 39951649 is divided by 1233?
1216
What is the remainder when 777596 is divided by 3533?
336
Calculate the remainder when 215870 is divided by 1118.
96
What is the remainder when 620980 is divided by 620972?
8
What is the remainder when 3387504 is divided by 184?
64
What is the remainder when 724971 is divided by 361390?
2191
Calculate the remainder when 60284 is divided by 11597.
2299
Calculate the remainder when 96582 is divided by 22.
2
Calculate the remainder when 6972 is divided by 401.
155
What is the remainder when 1609651 is divided by 1609641?
10
Calculate the remainder when 17149 is divided by 1317.
28
What is the remainder when 820905 is divided by 136390?
2565
What is the remainder when 33837 is divided by 13?
11
Calculate the remainder when 12990 is divided by 1842.
96
What is the remainder when 5753705 is divided by 9719?
57
Calculate the remainder when 331240154 is divided by 4720.
4714
Calculate the remainder when 1046477 is divided by 173.
0
What is the remainder when 746068 is divided by 1600?
468
What is the remainder when 257061 is divided by 5484?
4797
What is the remainder when 322666 is divided by 37?
26
What is the remainder when 72635 is divided by 6596?
79
What is the remainder when 540735 is divided by 1791?
1644
Calculate the remainder when 117513 is divided by 968.
385
What is the remainder when 485807 is divided by 311?
25
What is the remainder when 8653 is divided by 1141?
666
What is the remainder when 104824 is divided by 54?
10
What is the remainder when 103011810 is divided by 91?
83
Calculate the remainder when 2342282 is divided by 73.
4
What is the remainder when 1033426 is divided by 1262?
1110
What is the remainder when 18062983 is divided by 27?
10
What is the remainder when 147107 is divided by 2486?
433
Calculate the remainder when 171975 is divided by 13182.
609
What is the remainder when 17738615 is divided by 591287?
5
Calculate the remainder when 340784 is divided by 113578.
50
Calculate the remainder when 16394538 is divided by 2056.
2050
What is the remainder when 924882 is divided by 938?
14
What is the remainder when 125816 is divided by 41882?
170
What is the remainder when 966471 is divided by 77?
44
What is the remainder when 2381191 is divided by 421?
15
Calculate the remainder when 8792055 is divided by 2576.
167
What is the remainder when 294241 is divided by 73556?
17
What is the remainder when 83098096 is divided by 4888123?
5
What is the remainder when 28910755 is divided by 251?
73
What is the remainder when 3435892 is divided by 687130?
242
What is the remainder when 88623 is divided by 88432?
191
Calculate the remainder when 244564 is divided by 3397.
3377
Calculate the remainder when 930247 is divided by 1276.
43
Calculate the remainder when 19060980 is divided by 6082.
6074
What is the remainder when 981262 is divided by 28860?
22
What is the remainder when 433154 is divided by 375?
29
Calculate the remainder when 237059 is divided by 94.
85
Calculate the remainder when 119346 is divided by 16801.
1739
Calculate the remainder when 292881008 is divided by 5355.
5348
What is the remainder when 2476659 is divided by 7284?
99
What is the remainder when 530240 is divided by 150?
140
What is the remainder when 2603444 is divided by 12577?
5
Calculate the remainder when 2133903 is divided by 677.
676
Calculate the remainder when 78106 is divided by 6.
4
What is the remainder when 181196 is divided by 2627?
2560
What is the remainder when 245315097 is divided by 8089?
8083
What is the remainder when 128923 is divided by 235?
143
What is the remainder when 20829415 is divided by 606?
589
Calculate the remainder when 1081084 is divided by 20020.
4
What is the remainder when 24824112 is divided by 346?
342
Calculate the remainder when 95123 is divided by 84.
35
Calculate the remainder when 78337 is divided by 38888.
561
Calculate the remainder when 1958319 is divided by 391663.
4
What is the remainder when 419268770 is divided by 27?
26
Calculate the remainder when 1629283 is divided by 69.
55
What is the remainder when 2048022 is divided by 1245?
1242
What is the remainder when 6426937 is divided by 899?
885
What is the remainder when 282399 is divided by 7566?
2457
What is the remainder when 38454 is divided by 11651?
3501
What is the remainder when 1482284 is divided by 800?
684
Calculate the remainder when 38251 is divided by 16310.
5631
Calculate the remainder when 239321 is divided by 6297.
35
What is the remainder when 1377059 is divided by 144?
131
Calculate the remainder when 4923245 is divided by 1242.
1199
Calculate the remainder when 719599 is divided by 1133.
144
Calculate the remainder when 3710184 is divided by 16.
8
What is the remainder when 90407 is divided by 1485?
1307
Calculate the remainder when 89076 is divided by 8097.
9
Calculate the remainder when 11263 is divided by 1766.
667
What is the remainder when 520321 is divided by 1927?
31
What is the remai